divided by 17?
14
Suppose 15*h = 18*h - 822. Suppose 4*d + 5*o = 271, 4*d + 0*o - h = -2*o. Calculate the remainder when d is divided by 9.
6
Let a be (4/6)/((-22)/7293). Let c = 368 + a. Let d = 173 - c. Calculate the remainder when d is divided by 7.
5
Calculate the remainder when 1330 is divided by (-6 - -3)/(5*(6/(-20) + 0)).
0
Suppose 0 = -4*q - 3*k + 57, -120*q = -118*q - 4*k + 10. Calculate the remainder when 962 is divided by q.
8
Suppose 0 = -o - 24*o + 50. Calculate the remainder when ((-6099)/(-342))/(o/12 + 0) is divided by 6.
5
Let l(s) = 4*s**2 - 9*s - 9. Suppose 5*r = -2*u + 417, r - 101 = 4*u - 0*u. Calculate the remainder when r is divided by l(-2).
10
Let w(q) = -q + q + 3*q + 63 + q. What is the remainder when (-1)/(-2*(-4)/(-48)) is divided by w(-15)?
0
Suppose -4*c - u = -c - 724, u = 5*c - 1212. Suppose -4*w = -8*w + 3*s + 300, -2*s + c = 3*w. Calculate the remainder when w is divided by 27.
24
Let y(l) = -l**3 - 30*l**2 - 29*l + 4. Let x be y(-29). Suppose 5*d - 23 = -4*v, x*v + 28 = 5*d - 19. Calculate the remainder when 151 is divided by d.
4
Let l(n) be the second derivative of -n**5/10 - 19*n**4/12 - 5*n**3/3 + 21*n**2/2 + 95*n. Calculate the remainder when 88 is divided by l(-9).
28
Let l(f) = -63*f + 1576. Calculate the remainder when l(20) is divided by 64.
60
Let n(c) = 3 - 5*c**2 + 6*c**2 - 14*c - 2*c**2. Let u be n(-11). Suppose 0*v + 3*v = u. Calculate the remainder when 59 is divided by v.
11
Suppose -4*s + 3*s = k - 50, 5*k + 4*s = 250. Suppose 8*u - k = -10. What is the remainder when u is divided by -2 - -1 - 6/(-2)?
1
Let b(i) = -i + 31. Let s be b(23). Suppose u - 16 = -s. Let d(q) = 8*q - 1. Calculate the remainder when d(4) is divided by u.
7
What is the remainder when ((-1)/1)/((63/10365)/(-21)) is divided by 64?
63
Let o = 14848 - 14704. Calculate the remainder when o is divided by 37.
33
Suppose 2*i + c - 367 = -2*i, 2*c = 5*i - 462. Suppose -2*v + i = 5*q - 90, -420 = -4*v + 4*q. Calculate the remainder when v is divided by 26.
23
Let c(j) = 23*j**3 + 5*j**2 - 9*j + 17. Let t be c(4). Suppose u + t = 8*u. Suppose -3*g + 140 = 8. Calculate the remainder when u is divided by g.
43
Calculate the remainder when 4132 is divided by (-14)/4*(-19504)/1288.
51
Suppose -230*o + 3 = -233*o. Calculate the remainder when 131 is divided by (o - -25)*(-9)/(-6).
23
Suppose p + 4*w - 32 = 0, -13*p + 16*p - 3*w - 141 = 0. Calculate the remainder when 5189 is divided by p.
41
Let b(j) = j**3 - 7*j**2 + 2*j + 19. Let q(g) = 2*g**2 - 46*g - 40. Let a be q(24). What is the remainder when b(a) is divided by 17?
14
Suppose 0 = 62*g - 4237 - 1095. Calculate the remainder when g is divided by 38.
10
Let d(i) be the second derivative of i**4/12 + 2*i**3/3 + 9*i**2 - 51*i. Calculate the remainder when d(-4) is divided by 5 + 2 + 0/1.
4
Let z = 6166 + -6076. What is the remainder when 620 is divided by z?
80
Let r(p) = -p**3 - 6*p**2 - 2*p - 4. Let f be r(-6). Suppose -5*w = -f + 13. Let z(h) = -47*h. What is the remainder when z(w) is divided by 25?
22
Suppose 0 = 117*v - 74*v - 860. Calculate the remainder when 4658 is divided by v.
18
Suppose k = -3*l + 16, k + 5 = -5*l + 31. Suppose 5*m = l*u - 330, -2*u = -11*m + 10*m - 130. Calculate the remainder when 189 is divided by u.
61
Let k(h) = 22*h + 652. What is the remainder when k(-16) is divided by 17?
11
Let q(n) = -10*n + 12. Suppose 253 + 149 = 3*o. Let l = -136 + o. Calculate the remainder when 126 is divided by q(l).
30
Let w = -2760 - -2865. What is the remainder when w is divided by 23?
13
Let r be (-2)/9 - 799/(-153). Calculate the remainder when 35 is divided by ((25/15)/r)/((-1)/(-60)).
15
Let j(r) = r**3 - 47*r**2 + 158*r + 613. Let h = 59 - -6. Calculate the remainder when h is divided by j(43).
10
Let i(x) = 4*x + 15. Let t(q) = 4*q + 16. Let b(r) = -7*i(r) + 6*t(r). Calculate the remainder when b(-16) is divided by 4/2 - (-41 + 15).
27
Suppose 41 = -17*k + 126. Suppose 9*x = k*x + 60. What is the remainder when 53 is divided by x?
8
Let t(f) = f**2 - 18*f + 8. Suppose 3*n - 5*i = 62, -14*n + 16 = -13*n + 3*i. What is the remainder when t(n) is divided by 4?
3
Suppose 18*r - 645 = 13*r - 5*l, -3*l = -r + 137. Calculate the remainder when r is divided by 84.
47
Suppose -3*w + 6 = -0*w. Suppose -s - w*z = 3, s + z = -0*s. Calculate the remainder when 18 is divided by 5 - -8 - (s + -2).
6
Let a = -519 - -522. Suppose a*l + 69 = 87. Calculate the remainder when 44 is divided by l.
2
Let f(l) = -l**3 + 17*l**2 + 9*l - 48. Let n be f(17). Suppose 0 = -z - 4, -4*z + n = 5*t - 9*z. What is the remainder when t is divided by 11?
6
Let r = 413 + -420. What is the remainder when -7 + (-2 - r) + 123 is divided by 36?
13
Suppose 212*y - 7643 - 832 = 5305. Let l(n) = 108*n - 23. What is the remainder when l(8) is divided by y?
61
Let c = -17935 + 17977. What is the remainder when 256 is divided by c?
4
Let s(u) = u**2 + u - 9. Let y be s(-7). Suppose -992 = t - y*t. Calculate the remainder when t is divided by 4.
3
Suppose -12*o + 11*o = g - 232, -5*g + 1150 = 3*o. What is the remainder when g is divided by 30?
17
Let y(b) = -3*b - 20. Let n be y(-6). Let l be -5*(-3)/(((-40)/12)/n). Calculate the remainder when 3/l*-4*-72 is divided by 14.
12
Calculate the remainder when (-19701)/(-18)*4/11 is divided by 50.
48
Let u(x) = -x + 13. Let h be u(-7). Suppose -o + 6*o - 390 = 5*z, 0 = 4*z + h. What is the remainder when o is divided by 20?
13
Let h(o) = 14*o + 1. Let w = -15 + 16. Let z be h(w). Suppose z = 3*f - 54. Calculate the remainder when 43 is divided by f.
20
Suppose -20882 = -131*b - 84*b + 18*b. Let z = -74 - -153. Suppose 2*t = 5*f - 185, -4*t + z = 5*f - b. Calculate the remainder when f is divided by 13.
11
Let v(c) = c + 19. Let h = 62 + -60. Let b = h + 15. Calculate the remainder when b is divided by v(-14).
2
Suppose 0 = -3*q + 6*q - 117. Let l = 11881 + -11785. Calculate the remainder when l is divided by q.
18
Let r = -540 + 535. What is the remainder when 284/r*3*(-10)/6 is divided by 8?
4
Let y = 670 + -41. Suppose 3*n + 14*n = y. Calculate the remainder when n is divided by 14.
9
Let v(a) = -2*a**2 + 10*a + 75. Let h(y) = -y**2 + 5*y + 37. Let p(t) = -5*h(t) + 2*v(t). What is the remainder when 45 is divided by p(10)?
0
Suppose -10*n + 355 = -6*n + 3*v, -4*n - 5*v + 365 = 0. Suppose 0 = -9*p + 14*p + 10, -m + p = -n. What is the remainder when m is divided by 14?
13
Let c = -44 + 47. Suppose 4*s = -4*j + 28, 6*j = s + c*j + 5. Calculate the remainder when 7 is divided by 2 + ((-8)/(-10))/(s/10).
3
Let y = 224 + -156. Let l = -67 + y. Let h = 48 + l. Calculate the remainder when h is divided by 17.
15
Let b(n) = 120*n - 10357. Let k = -2 + 6. Calculate the remainder when b(87) is divided by k.
3
Let i(c) = 2*c**3 + 24*c**2 - 56*c + 36. Suppose 9 = s - 133. Suppose -2*j + s = -j. Calculate the remainder when j is divided by i(-14).
34
Let j be 3/(((-2)/(-4))/((-2)/6)). Let d(n) = 20*n**2 + n - 1. Let l(t) = 2*t**2 - 10*t - 2. What is the remainder when d(j) is divided by l(7)?
25
Let n = -31 + 65. Let k(h) = 4*h + 253. Calculate the remainder when k(n) is divided by 13.
12
Let t(u) be the first derivative of 3*u**2 + 10*u - 1. Suppose -15*b + 4*r = -14*b + 1, -5 = -b + r. Calculate the remainder when 155 is divided by t(b).
51
Let s = 8456 - 8392. What is the remainder when 568 is divided by s?
56
Suppose -170 + 182 = 3*x. Let u = -19 - -32. Calculate the remainder when 39 + (-8)/x - (2 + -3) is divided by u.
12
Let k = 171 + -160. Suppose 0 = -f + k*f - 300. What is the remainder when f is divided by 8?
6
Calculate the remainder when (-18)/3 + (6 - -18*15) is divided by 78.
36
Let m(z) = 11*z**2 - 24*z + 200. Let h(r) = 5*r**2 - 13*r + 100. Let l(u) = -9*h(u) + 4*m(u). What is the remainder when 7/(-2)*-4 + 0 is divided by l(9)?
6
Suppose 61*h + 223 - 6510 = 972. What is the remainder when 235 is divided by h?
116
Let d be 18/(76/(-18) - (-4 + 0)). Let x = 84 + d. Suppose x*n - 32 + 8 = 0. What is the remainder when 11 is divided by n?
3
Let l be 28/7 - (-2)/(-2). Suppose -51 = -5*h + 2*h + l*s, -4*s - 12 = 0. Suppose 4*m = -m + 25. Calculate the remainder when h is divided by m.
4
Let m(g) = g + 4. Let i be m(6). Suppose -i*q = -8*q - 42. Calculate th